a prime number?
False
Is 11632013929 composite?
True
Is 4262126857 a prime number?
True
Is 16061762287 a prime number?
True
Is 35015284879 prime?
True
Is 835933217 a composite number?
True
Is 2820055081 prime?
False
Is 111168217747 a composite number?
False
Is 2299012123 a composite number?
False
Is 644518727 composite?
True
Is 155891465 composite?
True
Is 151928057 prime?
False
Is 223394161 a prime number?
False
Is 154111847 prime?
False
Is 528445381 prime?
True
Is 489 a prime number?
False
Is 2379319357 composite?
False
Is 3879182719 composite?
False
Is 1483253267 composite?
False
Is 233622001 a composite number?
True
Is 52882306553 composite?
False
Is 379130737 prime?
True
Is 503453161 a prime number?
True
Is 51327138757 a composite number?
False
Is 19108277 prime?
True
Is 214059098189 a prime number?
True
Is 14759989837 a prime number?
True
Is 1032970703 a composite number?
True
Is 39867017657 a prime number?
True
Is 222537013 prime?
False
Is 7423983681 prime?
False
Is 13850273191 prime?
False
Is 489210809 prime?
True
Is 1500012233 composite?
True
Is 16082003687 composite?
True
Is 5084109313 a prime number?
False
Is 4407803591 composite?
True
Is 3920944303 a prime number?
True
Is 16335447685 a composite number?
True
Is 24711181423 prime?
False
Is 44611014137 a prime number?
True
Is 76902295511 composite?
True
Is 15795757 a prime number?
True
Is 770466161 prime?
True
Is 2321336531 a prime number?
False
Is 27195608057 prime?
True
Is 612222889 composite?
False
Is 55756234511 a composite number?
False
Is 8714445821 prime?
False
Is 264317147 a composite number?
False
Is 4066907579 prime?
False
Is 719929837 a prime number?
False
Is 57956861561 a prime number?
False
Is 8894056631 composite?
False
Is 698700671 a composite number?
False
Is 297949579 a composite number?
True
Is 174326389 prime?
False
Is 35477139617 a composite number?
False
Is 468739217 a composite number?
True
Is 144307823477 composite?
False
Is 57293700229 composite?
True
Is 1502021473 composite?
True
Is 4859538949 prime?
False
Is 225135446329 composite?
False
Is 13246843807 composite?
False
Is 739121843 a composite number?
False
Is 64540171513 a composite number?
True
Is 2382002171 composite?
False
Is 341765939 prime?
False
Is 413815741 a composite number?
False
Is 32384718851 a composite number?
True
Is 390135461 a composite number?
False
Is 66925482077 prime?
True
Is 13202300747 composite?
False
Is 9950746121 a composite number?
True
Is 10764822473 a composite number?
False
Is 87413162901 prime?
False
Is 1207701214 a prime number?
False
Is 15835726013 composite?
True
Is 6619656541 a composite number?
True
Is 5822378741 a prime number?
False
Is 386552048453 prime?
False
Is 222672589 a composite number?
False
Is 2183838905 a composite number?
True
Is 1413975263 a composite number?
True
Is 57723791 a prime number?
False
Is 216817846501 a prime number?
True
Is 123211489183 prime?
True
Is 47715757351 a composite number?
False
Is 212087107 prime?
True
Is 492339769 a prime number?
True
Is 8566919723 prime?
False
Is 7666280941 a composite number?
True
Is 23645819359 a composite number?
True
Is 3626055727 prime?
False
Is 82941975707 a prime number?
False
Is 6593825653 a composite number?
False
Is 308575221 a prime number?
False
Is 5460196199 prime?
True
Is 2482778137 composite?
True
Is 519458743 prime?
True
Is 28174223239 composite?
True
Is 10856750719 a prime number?
True
Is 1246452707 a prime number?
False
Is 522958687 a prime number?
True
Is 29385189967 a prime number?
False
Is 312994502599 a prime number?
True
Is 1393503841 a prime number?
True
Is 2251386149 prime?
False
Is 4371485497 a composite number?
False
Is 73114010311 a prime number?
False
Is 2394909865 a prime number?
False
Is 446316503 a prime number?
True
Is 8273454451 composite?
False
Is 2204260031 prime?
True
Is 8722247707 prime?
True
Is 21861173267 prime?
False
Is 138464849 a composite number?
False
Is 12787084103 prime?
True
Is 78102972011 a composite number?
True
Is 1505659741 prime?
False
Is 85755045427 prime?
False
Is 13752231499 composite?
True
Is 3397508585 prime?
False
Is 1317747953 prime?
True
Is 1175689687 a prime number?
False
Is 404301913 a composite number?
False
Is 3823414003 prime?
True
Is 4369263833 a composite number?
True
Is 637249 prime?
False
Is 1077393281 a composite number?
True
Is 12324404773 a prime number?
False
Is 448202591 a composite number?
False
Is 866568457 a composite number?
False
Is 16262529113 prime?
True
Is 68200747807 composite?
True
Is 536754761 composite?
False
Is 11618127445 a prime number?
False
Is 861354713 a prime number?
True
Is 67329686113 a prime number?
True
Is 7889645089 a composite number?
True
Is 3290118899 a composite number?
True
Is 3367831193 composite?
False
Is 133889069 composite?
False
Is 635276323 composite?
True
Is 5142014909 composite?
False
Is 1617753919 prime?
False
Is 1196619647 a prime number?
False
Is 11445871 prime?
True
Is 36739819565 a prime number?
False
Is 817503121 prime?
True
Is 59328406961 composite?
False
Is 37911365039 prime?
True
Is 807613579 a composite number?
False
Is 11805273217 composite?
False
Is 297393316193 a composite number?
False
Is 2104299317 prime?
True
Is 134101608889 a prime number?
False
Is 4616083 prime?
False
Is 2420514011 a prime number?
True
Is 5092737301 a prime number?
False
Is 32369800523 a prime number?
False
Is 2997741463 composite?
True
Is 4177790419 composite?
True
Is 143920423 a prime number?
False
Is 69551109385 a composite number?
True
Is 6773491063 a composite number?
True
Is 11920411717 a composite number?
True
Is 1073518711 a prime number?
False
Is 727419113 prime?
True
Is 17317177 a composite number?
True
Is 3903753769 composite?
False
Is 317245753 a composite number?
True
Is 973748047 prime?
False
Is 2681242573 a prime number?
False
Is 22452420227 composite?
False
Is 6137809787 prime?
False
Is 26560241291 a composite number?
False
Is 1000417441 a prime number?
True
Is 2593169143 a prime number?
True
Is 47976959 a composite number?
True
Is 315602479 a prime number?
False
Is 5066158237 a composite number?
True
Is 4383023923 composite?
True
Is 433466013 prime?
False
Is 2306936701 a composite number?
False
Is 181976979 prime?
False
Is 444076343 composite?
False
Is 11304955733 prime?
False
Is 134891611 a composite number?
True
Is 2442032783 a composite number?
True
Is 3626450987 composite?
False
Is 406118069 composite?
True
Is 3670599229 prime?
False
Is 4074816089 composite?
False
Is 2596316599 a composite number?
False
Is 2040320851 a prime number?
True
Is 9921566141 a composite number?
False
Is 3717455617 a prime number?
True
Is 6045146573 composite?
True
Is 591546877 a composite number?
False
Is 178720712407 a prime number?
True
Is 2676457187 prime?
True
Is 4692314467 prime?
False
Is 109506603907 a composite number?
False
Is 192429631523 a prime number?
False
Is 6059403085 composite?
True
Is 191050514953 a composite number?
False
Is 8775895 prime?
False
Is 3110140655 prime?
False
Is 22575883271 prime?
True
Is 7216984517 a prime number?
False
Is 21345803093 prime?
False
Is 111897414449 a prime number?
False
Is 26257519 a composite number?
True
Is 320416253 a composite number?
False
Is 1048795769 prime?
False
Is 53854092569 a composite number?
False
Is 41237970931 a composite number?
False
Is 305006369 a prime number?
False
Is 742131769 prime?
True
Is 7853623383 composite?
True
Is 2414315773 composite?
True
Is 20546521067 prime?
True
Is 7315189151 a prime number?
True
Is 5581579121 composite?
False
Is 1319679839 composite?
False
Is 1582313507 composite?
True
Is 558621937 prime?
True
Is 353883738227 prime?
True
Is 1298654407 a composite number?
True
Is 10313356219 prime?
False
Is 272044804615 prime?
False
Is 13840856207 a prime number?
True
Is 12379386895 a prime number?
False
Is 2893866071 a prime number?
True
Is 10199368303 prime?
True
Is 1148418191 prime?
False
Is 280323023 a composite number?
False
Is 261484124221 a composite number?
False
Is 11493960299 a prime number?
True
Is 403344541 a prime number?
False
Is 1237391315 prime?
False
Is 42992289289 a composite number?
False
Is 6113197037 a prime number?
False
Is 521552609 composite?
False
Is 22732432771 composite?
False
Is 164178433 a composite number?
Fals